+ 2*w**2 - 6*w - 2. Let z be (-228)/304 - 69/4. Let a be 78/z + (-3 - (-10)/3). Give k(a).
-10
Let w(m) be the first derivative of 0*m**2 + 19 + 0*m**4 + 10/3*m**3 - 1/120*m**5 + 0*m. Let g(n) be the third derivative of w(n). What is g(3)?
-3
Let l(i) be the third derivative of 0*i - 31 + 1/6*i**3 - 1/10*i**5 - 2*i**2 + 0*i**4. Suppose -5*x - 11 = -2*g, 5*x + 20 = -2*g + 7*g. Determine l(x).
-5
Let z(d) be the third derivative of -d**6/120 - d**5/15 - d**4/12 - d**3/3 + 10433*d**2. Suppose -5*y = -2*y + 12. Calculate z(y).
6
Let f(p) be the first derivative of p**4/4 - 4*p**3/3 + 3*p**2/2 - 2*p + 4. Let r be ((-6)/15 - 9/15)*-2. Suppose -4*h = -5*h + r. Determine f(h).
-4
Let p(i) be the third derivative of -i**4/6 + i**3/2 - 6*i**2 - 84. Give p(-5).
23
Suppose b - 14 = -11*f + 13*f, -b - f = 4. Let j(p) = -13*p + 17. Determine j(b).
-9
Let q = 18 + -24. Let a(g) = 51 - 110 + 3*g + 65. Calculate a(q).
-12
Let p = 494 + -460. Suppose 0 = -5*z + 4*w + p, 0 = -3*z + 2*w + w + 21. Let n(d) = d**2 - 3*d - 6. Give n(z).
12
Let n(h) = 6*h**2 + 6*h - 25. Suppose -35*k - 77 = -42*k. Let x(m) = -4*m + m**2 + 6*m - m - 5. Let d(i) = k*x(i) - 2*n(i). Calculate d(0).
-5
Let v(d) = 2*d**2 - 4*d - 1. Let r be v(4). Suppose 5*u - r = 15. Let l(j) = -107*j - 113*j + 418*j + 1 - 100*j - 99*j. Give l(u).
-5
Let p(o) be the third derivative of 7/24*o**4 - 14*o + 0 + o**3 + 1/120*o**6 - 11/60*o**5 - 2*o**2. Calculate p(10).
-24
Let w(y) be the first derivative of y**2/2 - 10*y + 1. Let g be (-2)/(56/(-44)) + 9/21. Suppose 3*o - a + g = 0, 2*o - 3 = -3*a + 3. What is w(o)?
-10
Let g(i) = -157*i - 147*i + i**3 + 301*i + 9. What is g(3)?
27
Suppose -4*y - 5*p = -5, -141*y + 139*y = -5*p + 35. Let u(s) = 4*s + 22. What is u(y)?
2
Let l(v) = -2*v**3 + 17*v**2 - 19*v - 6. Let f be l(0). Let t(q) = -q**2 - 21*q - 88. What is t(f)?
2
Let l(t) = t**2 - 6*t + 16. Let j(c) be the first derivative of c**2/2 - 51. Let z(m) = -6*j(m) - l(m). Calculate z(0).
-16
Let z(j) = -95*j + 1678. Let t(o) = 48*o - 711. Let l(p) = 5*t(p) + 2*z(p). Calculate l(4).
1
Let r(v) = v**3 - v**2 + 3*v + 13. Let k be r(0). Let n(c) = -c - 3. Calculate n(k).
-16
Let z(t) = -3*t**3 - 1. Suppose -3*j = -4 - 2. Suppose -j*i = -0*i - 2. Suppose -5*h + 4 = -i. Determine z(h).
-4
Suppose 19*r = -1783 - 1637. Let m be r/48 + 2/(8/3). Let c(q) = -q**3 + 3*q. What is c(m)?
18
Let d(c) be the second derivative of -c**6/360 + 13*c**5/120 - 3*c**4/8 + 79*c**3/6 - 94*c. Let i(w) be the second derivative of d(w). What is i(12)?
3
Let r be (-1)/2 - 45/10. Let c(u) be the second derivative of 2*u - 2*u**2 - 1/6*u**3 - 28. Calculate c(r).
1
Let c(f) be the first derivative of f**3 - 4*f - 5/2*f**2 + 1/4*f**4 - 37. Determine c(-4).
0
Suppose 0 = 21*c + 40 - 208. Let g be (1 + -3)*(-3)/3. Let m(w) = 7*w - 3*w**g + w**3 + 1 - 5 + 0*w**2 - 6*w**2. Give m(c).
-12
Let d(o) = -o + 3. Let j be d(3). Let l(y) = 19 - y**3 - 3959*y + 3958*y - 10. Give l(j).
9
Let y(r) be the second derivative of -r**4/12 + r**3 + 19*r**2/2 + 7*r - 413. What is y(7)?
12
Let j(d) be the third derivative of -d**5/60 - d**4/8 - d**3/6 + 22*d**2 + 2*d - 1. What is j(2)?
-11
Let c(w) = w**2 + 10*w - 19. Let f be c(-12). Suppose f*o = -5*k - 34 - 6, -2*o + 4*k = -14. Let p(s) = -s**2 - 4*s + 3. Give p(o).
6
Suppose -13*k + 11 = -14*k. Let j(l) be the first derivative of 1/4*l**4 + 11/3*l**3 + 0*l**2 + 55 - 6*l. Give j(k).
-6
Let l(y) = -2*y**2 - y**3 + 7 - 20 + 3*y - 10*y**2 - 4 + 6*y**2. What is l(-7)?
11
Let o(q) = -q**2 + 4*q - 1. Let u(a) = a - 1. Let c(h) = o(h) - 5*u(h). Suppose -2*f - 24 = -4*y, 2954 = -2*f - 2*y + 2966. Determine c(f).
4
Let k = -7701 - -7708. Let i(u) = 12*u - 27. Give i(k).
57
Let n(f) = 13*f + 6 + 9 + 9*f + 32*f - 56*f - 3*f**2. Determine n(4).
-41
Let n(t) = 4*t**3 - 14*t**2 - t - 30. Let x be n(4). Let b(q) = 2*q**2 + 10*q + 9. Give b(x).
-3
Suppose 0 = a - 3, -11 = -3*l + 5*a + 58. Suppose 4*d - 5*q = -0*d - l, -3*q - 28 = 4*d. Let z(h) = -h**2 - 7*h - 5. Determine z(d).
-5
Suppose 23*l + 27 - 41 = 78. Let i(y) = -5*y + 25. Give i(l).
5
Let z be 98/77*1496/476. Let r(b) be the second derivative of b**2 + 0 - b - 1/6*b**3. Give r(z).
-2
Let p(m) be the second derivative of m**5/20 - 2*m**4/3 + 5*m**3/2 - 13*m**2/2 - 9119*m. Determine p(5).
-13
Let k(v) = -18*v - 129. Let h(f) = -267*f - 810. Let t be h(-3). What is k(t)?
33
Suppose 3 = 2*t - 2*b - b, b + 1 = -4*t. Let d(k) = -k**2 - 1 + 6*k + t - 1. Let q be (-8)/44 + 1 + (-114)/(-22). What is d(q)?
-2
Let d(n) = 30*n**2 - 5*n**3 - 2*n**3 - 60*n**2 + 11*n - 10*n + 31*n**2. Let v = -15 + 6. Let u be v/6 + 1/2. Calculate d(u).
7
Let g be (-73 - -82 - (6 - 1)) + 2 + -1. Suppose 0*b = b - 4. Let l(v) = 2*v**2 + v**3 + 0*v - b*v - 6*v**2 - 7. What is l(g)?
-2
Let n(p) = 12*p + 36. Let o be n(-8). Let f = o + 66. Let q(h) = -f*h**3 - 3*h**2 + 121 + 3*h**2 - 120. Calculate q(-1).
7
Let w(n) = -n**3 + 2*n**2 + 3. Suppose 655*i - 628*i = 0. Determine w(i).
3
Let h(i) = 18*i + 14. Let u = 5721 - 5722. Give h(u).
-4
Let k(j) = 47*j - 22. Let i(d) = 59*d - 21. Let h(v) = -4*i(v) + 5*k(v). Determine h(-20).
-6
Let r(i) be the first derivative of -i**5/60 - 5*i**4/24 + 2*i**3/3 - 83*i**2/2 - 9. Let q(x) be the second derivative of r(x). What is q(-5)?
4
Let o(p) = -p**3 - 3*p**2 - 3*p - 3. Suppose -16*q - 1980 + 1916 = 0. Calculate o(q).
25
Let v(u) = -5*u + 25. Let g(z) = 14*z + 54. Let i(a) = 3*a + 13. Let y(b) = 2*g(b) - 9*i(b). Let j(k) = -v(k) - 4*y(k). Give j(-4).
7
Let c(q) be the third derivative of 5*q**4/24 + 7*q**3/2 + 30*q**2 - 37. Give c(-4).
1
Let x(p) = p**2 + 4*p - 3. Let h be 1455/12 - 3/12. Let d = h + -125. What is x(d)?
-3
Let o(m) = 13*m + 8. Let p = -6800 - -6801. What is o(p)?
21
Let p(r) = 128 - 29 - 51 - 10*r. Calculate p(10).
-52
Let i(a) = 9*a + 177. Let p(z) = -76*z + 3171. Let q be p(42). Determine i(q).
-12
Let p(w) = -309 + 15*w**2 - 8*w**2 - w**3 - 333 + 670 + 8*w. Calculate p(9).
-62
Let b(g) be the second derivative of -g**8/6720 + g**7/504 + 7*g**6/720 + g**5/30 + g**4/3 + 3*g + 8. Let w(h) be the third derivative of b(h). Calculate w(6).
10
Let i = -3011 - -3019. Let y(h) = 3*h**2 + 9*h. Let r(n) = 2*n**2 + 4*n. Let s(b) = 5*r(b) - 3*y(b). What is s(i)?
8
Let v be 1*(4 + (-3 - 0))*-1. Let x be (6 + -8 - -11)*v. Let w(p) = 4*p - 5. Determine w(x).
-41
Let y(c) = 66*c + 926. Let m be y(-14). Let q(l) = -l**3 + 2*l**2 - 2*l. What is q(m)?
-4
Let w(i) be the second derivative of 14*i - 4 + 6*i**2 + 3/2*i**3 + 3/4*i**4 - 1/20*i**5. What is w(10)?
2
Let t = -625 - -628. Let d(c) = 6*c - c**2 - 26 + 15 + 0*c**t - 3*c + 6 + c**3. Determine d(0).
-5
Let b(h) = h**3 - 2*h**2 - 10*h + 5. Let x be b(4). Let f(o) = -o**2 - 4*o - 3. Let q be f(x). Let c(a) = 1 - 8*a + 16*a + q - 7*a. Calculate c(3).
4
Let s(v) be the first derivative of -v**3/3 + 3*v**2 - 7*v + 1. Let h be 1248/520 + (-30)/(-50). Determine s(h).
2
Let t(q) = 5*q. Suppose -2*p + n = -4*n - 12, 5*p = -4*n - 3. Let l be t(p). Let h(b) be the first derivative of b**2/2 - 11*b - 60. Calculate h(l).
-6
Let a(y) = -y**3 + 5*y**2 - y + 6. Let u = 85 - 79. Let j be (8 - (u - 3))/(2/(-4)). Let l be (24 - 27)*j/6. Determine a(l).
1
Let r = 46 - 41. Suppose 5*g - 306 = -296. Let m(b) = -7*b - 2 + b + 6*b**g + b - b**3. What is m(r)?
-2
Let k(u) = 5*u + 1. Suppose -18*m + 34*m = 25*m - 18. Suppose -2*f + 8*g = 4*g - 16, f + 7 = -3*g. Suppose m*o + f = -4. Determine k(o).
-14
Let k = -74 - -81. Let i(z) = -7*z + 57. Let u be i(k). Let f(j) = 3*j - 11. Give f(u).
13
Let c(a) = a**2 + 15*a + 29. Suppose 36*g + 4*p = 35*g - 24, 0 = -7*g + p - 81. Give c(g).
-7
Let q(z) be the third derivative of z**7/1260 - z**6/180 - 29*z**5/60 - 3*z**2 - 3*z. Let u(m) be the third derivative of q(m). Determine u(3).
8
Let d(r) = -2*r**2 - 3*r + 1. Suppose 0 = v + 40 - 50. Suppose v*h + 33 = -h. Calculate d(h).
-8
Let m(o) = 2*o**2 - 8*o + 6. Let f(i) = -i**2 + 4*i - 3. Let j(u) = -13*f(u) - 6*m(u). Let n be (-7)/14 - (99/(-6) - 0). Suppose -n = 4*q - 12*q. What is j(q)?
-1
Let x(t) = -t**2. Let s be 80/(2/1)*6/(-8). Let q = s + 12. Let c be ((12/9)/(-4))/((-3)/q). Determine x(c).
-4
Let z(t) be the third derivative of t**4/8 - t**3/2 + 1684*t**2. Let f be (-9)/(-5) + 1/5. Suppose -2*b + 3*b = -5*h + 19, -f*b - 4*h + 20 = 0